umber?
False
Is 3261 composite?
True
Is 94307 a composite number?
False
Is 374197 a prime number?
False
Is 1943 a composite number?
True
Is 1271009 a composite number?
True
Is 111551 a prime number?
False
Is 345491 prime?
False
Is 19207 prime?
True
Is 15661 a composite number?
False
Is 1811 prime?
True
Is 961 composite?
True
Is 15415 prime?
False
Is 323 a composite number?
True
Is 876443 composite?
False
Is 17803 a composite number?
True
Is 621743 a prime number?
False
Is 52307 a prime number?
False
Is 886591 prime?
True
Is 43013 prime?
True
Is 49331 prime?
True
Is 357269 prime?
False
Is 22241 composite?
True
Is 1871 a prime number?
True
Is 663061 a prime number?
False
Is 949163 prime?
False
Is 213703 composite?
True
Is 300826 a prime number?
False
Is 28021 prime?
False
Is 587 composite?
False
Is 62117 composite?
True
Is 437 a prime number?
False
Is 25939 prime?
True
Is 443057 composite?
False
Is 45361 prime?
True
Is 413357 a prime number?
False
Is 5387 composite?
False
Is 3163 a prime number?
True
Is 49597 a composite number?
False
Is 28187 a composite number?
True
Is 2393 a composite number?
False
Is 13381 prime?
True
Is 1555 composite?
True
Is 275051 a prime number?
False
Is 84358 composite?
True
Is 39523 composite?
True
Is 43163 composite?
True
Is 1314377 a prime number?
True
Is 30398 composite?
True
Is 896617 prime?
True
Is 22271 a prime number?
True
Is 224831 a prime number?
True
Is 635 composite?
True
Is 147949 prime?
True
Is 88503 prime?
False
Is 608977 a prime number?
True
Is 118381 a composite number?
True
Is 20469 a prime number?
False
Is 6805 a prime number?
False
Is 75503 a prime number?
True
Is 1655354 a prime number?
False
Is 44839 prime?
True
Is 3631 a composite number?
False
Is 4519483 a prime number?
True
Is 138382 a prime number?
False
Is 33763 a composite number?
True
Is 158329 a prime number?
True
Is 1930517 prime?
True
Is 1057603 a composite number?
False
Is 96041 a prime number?
False
Is 308585 composite?
True
Is 57353 a prime number?
False
Is 83209 prime?
False
Is 3027 a composite number?
True
Is 100481 prime?
False
Is 11667 a composite number?
True
Is 294943 a prime number?
False
Is 28699 a composite number?
True
Is 13283 a composite number?
True
Is 155327 composite?
False
Is 99194 a composite number?
True
Is 348077 composite?
False
Is 168323 prime?
True
Is 23915 composite?
True
Is 3251 a prime number?
True
Is 216809 a prime number?
False
Is 539039 prime?
True
Is 907 composite?
False
Is 2447 a prime number?
True
Is 9743 a prime number?
True
Is 232433 composite?
False
Is 128813 prime?
True
Is 5089 a prime number?
False
Is 1231559 a composite number?
True
Is 1060009 prime?
True
Is 42433 composite?
False
Is 3527 a composite number?
False
Is 290441 prime?
True
Is 39651 composite?
True
Is 81337 a composite number?
True
Is 1540751 a prime number?
True
Is 101081 a composite number?
False
Is 227627 a composite number?
False
Is 453617 a prime number?
True
Is 1397 composite?
True
Is 6805 prime?
False
Is 37357 composite?
False
Is 72031 prime?
True
Is 38989 a prime number?
False
Is 44417 composite?
False
Is 3221 a composite number?
False
Is 5099 composite?
False
Is 15313 a prime number?
True
Is 87727 a prime number?
False
Is 15581 prime?
True
Is 30341 a prime number?
True
Is 213697 a prime number?
False
Is 1246265 a prime number?
False
Is 31919 a composite number?
True
Is 373377 a prime number?
False
Is 1337 prime?
False
Is 31469 composite?
False
Is 14591 a composite number?
False
Is 329053 a composite number?
False
Is 25523 composite?
False
Is 566279 a prime number?
False
Is 2665247 composite?
True
Is 191 a prime number?
True
Is 7669 composite?
False
Is 118571 composite?
False
Is 33557 composite?
True
Is 1418983 prime?
True
Is 307217 composite?
True
Is 449797 composite?
False
Is 287783 composite?
False
Is 5171 composite?
False
Is 11199 a composite number?
True
Is 1187 composite?
False
Is 95701 a prime number?
True
Is 31 composite?
False
Is 16151 a composite number?
True
Is 145949 composite?
False
Is 363119 a composite number?
False
Is 27427 composite?
False
Is 3890245 a prime number?
False
Is 16181 a prime number?
False
Is 58189 composite?
False
Is 14179 composite?
True
Is 14765 a prime number?
False
Is 8069 a prime number?
True
Is 1353857 prime?
True
Is 3375707 composite?
True
Is 259 a composite number?
True
Is 2779291 composite?
True
Is 889879 a prime number?
True
Is 802405 a composite number?
True
Is 769147 a prime number?
True
Is 13589 prime?
False
Is 8311 a composite number?
False
Is 6613 a composite number?
True
Is 61783 a prime number?
False
Is 20074 a composite number?
True
Is 6197 prime?
True
Is 1425311 a composite number?
False
Is 236695 prime?
False
Is 10685 a composite number?
True
Is 5059 composite?
False
Is 26 composite?
True
Is 247177 a prime number?
False
Is 198589 a prime number?
True
Is 280373 prime?
True
Is 2551 prime?
True
Is 863867 a composite number?
False
Is 83158 prime?
False
Is 340709 composite?
False
Is 1800959 a prime number?
True
Is 158267 composite?
True
Is 6779 a composite number?
False
Is 3194 a prime number?
False
Is 137507 prime?
True
Is 5623 a composite number?
False
Is 13229 prime?
True
Is 306931 a composite number?
True
Is 215051 a prime number?
True
Is 12179 a prime number?
False
Is 19609 prime?
True
Is 12313 composite?
True
Is 30865 a prime number?
False
Is 284357 a composite number?
False
Is 133521 a composite number?
True
Is 1183837 prime?
True
Is 11599 prime?
False
Is 7453 a composite number?
True
Is 1499681 composite?
False
Is 257343 composite?
True
Is 92891 a prime number?
False
Is 2835653 composite?
False
Is 528997 prime?
False
Is 829029 prime?
False
Is 139027 prime?
False
Is 101677 a composite number?
True
Is 17159 a composite number?
False
Is 87 a prime number?
False
Is 12977 a composite number?
True
Is 164881 composite?
False
Is 197849 prime?
False
Is 15619 composite?
False
Is 8009 a composite number?
False
Is 154543 a prime number?
True
Is 649113 a composite number?
True
Is 563583 composite?
True
Is 2365491 composite?
True
Is 79027 composite?
True
Is 5919 a composite number?
True
Is 5219 a prime number?
False
Is 3776369 composite?
False
Is 5833 a prime number?
False
Is 3079 composite?
False
Is 903403 prime?
True
Is 306739 a prime number?
True
Is 2153959 prime?
True
Is 213685 prime?
False
Is 2798 prime?
False
Is 21722 a composite number?
True
Is 125551 composite?
False
Is 19059 a composite number?
True
Is 349039 composite?
False
Is 1019 a prime number?
True
Is 148279 a prime number?
True
Is 206689 a prime number?
False
Is 34321 composite?
True
Is 97807 a prime number?
False
Is 384247 a prime number?
True
Is 22013 prime?
True
Is 39569 a composite number?
False
Is 1927 prime?
False
Is 153407 composite?
False
Is 877 a prime number?
True
Is 160099 a composite number?
True
Is 17539 a composite number?
False
Is 5953 prime?
True
Is 14998 a prime number?
False
Is 557153 composite?
False
Is 4111 prime?
True
Is 484229 a prime number?
True
Is 279001 composite?
False
Is 262643 a composite number?
False
Is 87943 a prime number?
True
Is 87371 composite?
True
Is 1311497 a prime number?
False
Is 2669 composite?
True
Is 3203 composite?
False
Is 11959 a prime number?
True
Is 722663 a composite number?
False
Is 62639 a prime number?
True
Is 51109 prime?
True
Is 11087 prime?
True
Is 9689 a composite number?
False
Is 597127 a prime number?
True
Is 588347 a prime number?
True
Is 44167 composite?
True
Is 3261 a composite number?
True
Is 44257 a prime number?
True
Is 641 composite?
False
Is 61501 a prime number?
False
Is 104569 composite?
True
Is 2279 a composite number?
True
Is 942821 prime?
False
Is 670807 composite?
True
Is 39661 a composite number?
True
Is 75133 a prime number?
True
Is 228314 a prime number?
False
Is 22147 prime?
True
Is 991 a prime number?
True
Is 8537 composite?
False
Is 40539 composite?
True
Is 218651 a composite number?
False
Is 1439 a composite number?
False
Is 877943 a prime number?
False
Is 119 prime?
False
Is 994985 composite?
True
Is 3107 a prime number?
False
Is 4853 a composite number?
True
Is 13901 a composite number?
False
Is 55291 a prime number?
True
Is 14591 composite?
False
Is 1300631 prime?
False
Is 6389 a prime number?
True
Is 410547 composite?
True
Is 47681 a pr